test common factor of 5604 and 24?
12
Calculate the highest common factor of 18 and 81.
9
Calculate the highest common factor of 24 and 648.
24
Calculate the highest common factor of 124 and 676.
4
Calculate the greatest common factor of 33 and 187.
11
What is the highest common factor of 82 and 1353?
41
Calculate the highest common factor of 79 and 1.
1
What is the highest common factor of 57 and 399?
57
Calculate the highest common factor of 420 and 532.
28
Calculate the highest common factor of 187 and 781.
11
What is the highest common factor of 320 and 10?
10
What is the highest common divisor of 224 and 192?
32
Calculate the greatest common factor of 1330 and 70.
70
Calculate the greatest common divisor of 589 and 19.
19
Calculate the greatest common divisor of 100 and 3840.
20
Calculate the highest common divisor of 36 and 738.
18
Calculate the greatest common factor of 288 and 54.
18
Calculate the highest common divisor of 77 and 22869.
77
What is the greatest common factor of 672 and 63?
21
Calculate the greatest common divisor of 2431 and 220.
11
Calculate the greatest common divisor of 1612 and 1404.
52
Calculate the greatest common divisor of 660 and 60.
60
What is the highest common divisor of 48 and 3856?
16
What is the greatest common divisor of 738 and 41?
41
What is the greatest common divisor of 18 and 86?
2
What is the highest common divisor of 2212 and 28?
28
Calculate the highest common factor of 21 and 399.
21
Calculate the greatest common factor of 17 and 1207.
17
Calculate the highest common factor of 4155 and 30.
15
What is the highest common factor of 24 and 8808?
24
What is the highest common factor of 1 and 41?
1
What is the highest common factor of 14 and 231?
7
What is the greatest common factor of 760 and 285?
95
Calculate the greatest common divisor of 75 and 600.
75
Calculate the greatest common divisor of 72 and 8388.
36
Calculate the greatest common factor of 100 and 460.
20
Calculate the greatest common divisor of 3250 and 375.
125
What is the highest common factor of 100 and 150?
50
Calculate the greatest common factor of 252 and 9.
9
Calculate the greatest common divisor of 36 and 18.
18
Calculate the highest common factor of 2080 and 65.
65
Calculate the highest common factor of 7 and 111.
1
What is the greatest common divisor of 1525 and 125?
25
What is the greatest common divisor of 16 and 104?
8
What is the greatest common divisor of 4352 and 119?
17
What is the highest common divisor of 1054 and 186?
62
Calculate the greatest common factor of 3 and 7.
1
Calculate the highest common factor of 5 and 2165.
5
Calculate the greatest common factor of 175 and 8330.
35
Calculate the greatest common factor of 175 and 2135.
35
Calculate the highest common factor of 360 and 165.
15
What is the greatest common divisor of 28 and 224?
28
Calculate the highest common factor of 200 and 1480.
40
What is the highest common divisor of 1288 and 1512?
56
What is the greatest common factor of 3888 and 720?
144
Calculate the highest common factor of 1763 and 903.
43
Calculate the highest common factor of 738 and 164.
82
Calculate the highest common divisor of 45 and 120.
15
What is the greatest common divisor of 1978 and 184?
46
Calculate the highest common factor of 275 and 1815.
55
What is the greatest common factor of 187 and 5644?
17
Calculate the highest common factor of 1183 and 26.
13
What is the highest common factor of 2634 and 6?
6
Calculate the greatest common factor of 858 and 312.
78
Calculate the highest common divisor of 51 and 13413.
51
Calculate the highest common divisor of 638 and 2684.
22
What is the greatest common divisor of 32 and 11488?
32
What is the highest common divisor of 145 and 5?
5
Calculate the highest common divisor of 1298 and 55.
11
Calculate the greatest common factor of 1551 and 33.
33
Calculate the greatest common factor of 270 and 10.
10
Calculate the highest common divisor of 176 and 11.
11
What is the highest common factor of 544 and 1751?
17
What is the greatest common divisor of 46 and 5290?
46
Calculate the greatest common factor of 146 and 803.
73
What is the greatest common divisor of 110 and 24?
2
Calculate the greatest common divisor of 3004 and 12.
4
Calculate the greatest common divisor of 115 and 529.
23
What is the greatest common divisor of 49 and 259?
7
Calculate the greatest common divisor of 26 and 286.
26
Calculate the greatest common factor of 360 and 2840.
40
What is the greatest common factor of 264 and 104?
8
Calculate the greatest common divisor of 60 and 140.
20
Calculate the greatest common divisor of 11 and 1375.
11
What is the highest common divisor of 218 and 2?
2
Calculate the greatest common factor of 264 and 108.
12
What is the greatest common factor of 1775 and 450?
25
Calculate the highest common divisor of 1485 and 540.
135
Calculate the greatest common divisor of 370 and 25.
5
What is the highest common divisor of 100 and 40?
20
Calculate the highest common divisor of 14 and 192.
2
What is the highest common factor of 6 and 183?
3
Calculate the highest common divisor of 7995 and 390.
195
Calculate the highest common factor of 24 and 444.
12
Calculate the greatest common divisor of 4584 and 12.
12
What is the highest common divisor of 416 and 520?
104
Calculate the highest common factor of 12 and 5718.
6
What is the greatest common factor of 118 and 5959?
59
What is the highest common divisor of 170 and 70?
10
What is the greatest common factor of 26 and 1794?
26
Calculate the greatest common factor of 12276 and 5940.
396
What is the highest common divisor of 88 and 664?
8
What is the greatest common factor of 99 and 1386?
99
What is the highest common factor of 36 and 452?
4
Calculate the greatest common factor of 5832 and 16.
8
Calculate the greatest common factor of 102 and 18.
6
Calculate the greatest common divisor of 20935 and 79.
79
What is the highest common factor of 189 and 4725?
189
Calculate the highest common divisor of 147 and 21.
21
Calculate the greatest common divisor of 4756 and 820.
164
What is the highest common divisor of 1133 and 6283?
103
Calculate the greatest common divisor of 2475 and 1125.
225
What is the greatest common divisor of 3399 and 33?
33
What is the highest common factor of 81 and 3321?
81
What is the highest common divisor of 399 and 42?
21
What is the highest common divisor of 256 and 48?
16
Calculate the highest common divisor of 6192 and 96.
48
What is the greatest common divisor of 536 and 40?
8
What is the greatest common divisor of 26 and 1742?
26
What is the greatest common divisor of 336 and 378?
42
Calculate the highest common divisor of 5 and 1895.
5
What is the highest common factor of 6 and 1194?
6
What is the greatest common factor of 180 and 20?
20
What is the greatest common divisor of 19 and 11?
1
Calculate the greatest common factor of 45 and 153.
9
What is the greatest common divisor of 26 and 143?
13
Calculate the highest common factor of 12 and 48.
12
What is the highest common divisor of 948 and 132?
12
Calculate the greatest common factor of 51 and 8789.
17
What is the highest common factor of 403 and 104?
13
Calculate the highest common factor of 735 and 15.
15
What is the greatest common divisor of 165 and 66?
33
What is the highest common divisor of 3942 and 1728?
54
Calculate the highest common divisor of 50 and 230.
10
What is the highest common factor of 330 and 110?
110
What is the highest common divisor of 950 and 285?
95
Calculate the greatest common divisor of 279 and 1426.
31
Calculate the greatest common divisor of 12 and 42.
6
What is the highest common divisor of 408 and 168?
24
Calculate the greatest common factor of 1717 and 17.
17
What is the greatest common divisor of 162 and 180?
18
What is the highest common factor of 4084 and 4?
4
Calculate the highest common divisor of 1160 and 6.
2
What is the greatest common divisor of 1421 and 98?
49
What is the greatest common divisor of 462 and 66?
66
What is the greatest common divisor of 25 and 3105?
5
Calculate the greatest common divisor of 38590 and 170.
170
Calculate the highest common factor of 410 and 20.
10
Calculate the highest common divisor of 1252 and 18467.
313
What is the highest common factor of 11296 and 32?
32